base 12.
-1a9428
-10000101101111101 (base 2) to base 13
-25226
What is -1d226a (base 15) in base 8?
-5336640
-30141334 (base 5) to base 10
-240219
-11100111101111001010 (base 2) to base 7
-11032221
What is 804005 (base 13) in base 9?
5540542
Convert 265028 (base 14) to base 15.
1b1135
What is 116521 (base 15) in base 12?
34117a
44240141 (base 5) to base 12
166130
What is 1551de (base 16) in base 2?
101010101000111011110
-12a (base 13) to base 15
-da
Convert -1133250 (base 6) to base 5.
-3342240
What is 1623449 (base 11) in base 5?
1202143204
Convert -65892 (base 15) to base 3.
-121101110202
What is 120882 (base 9) in base 16?
11cbd
What is -450014135 (base 6) in base 12?
-287734b
What is 220130222 (base 4) in base 10?
165674
What is 100100111111000011010 (base 2) in base 7?
13205216
-10163743 (base 9) to base 14
-911d3b
Convert 214666 (base 7) to base 4.
21031201
-5b25a8 (base 12) to base 7
-15356561
What is 480c95 (base 16) in base 8?
22006225
-1210401343 (base 5) to base 11
-165a6a5
Convert 55504624 (base 7) to base 8.
22216577
What is -6a0242 (base 12) in base 5?
-413410230
Convert 624b9 (base 16) to base 10.
402617
Convert 30214202 (base 5) to base 10.
241802
What is -102323330212 (base 4) in base 5?
-2232323014
What is 151506 (base 9) in base 7?
535056
What is -2838f (base 16) in base 13?
-59cb2
Convert 201200022230 (base 4) to base 13.
1a86667
-5b9a81 (base 13) to base 16
-21734c
-101100000110111010010 (base 2) to base 9
-2642552
1269de (base 15) to base 5
211224414
86475 (base 12) to base 2
101011001100011001
What is -380828 (base 13) in base 12?
-549775
Convert -64208 (base 10) to base 9.
-107062
What is -321317 (base 16) in base 2?
-1100100001001100010111
2030344443 (base 5) to base 9
7730011
What is -10a00 (base 14) in base 12?
-1b448
What is -14354511 (base 6) in base 10?
-497419
What is -497347 (base 10) in base 8?
-1713303
Convert 3073705 (base 8) to base 10.
817093
Convert -3334523 (base 6) to base 12.
-81443
What is 1c66cb (base 16) in base 2?
111000110011011001011
-558215 (base 12) to base 11
-8502a4
-3013211331 (base 4) to base 8
-3074575
-25312511 (base 7) to base 9
-4268035
What is -2367646 (base 8) in base 7?
-5351316
What is -340113314 (base 5) in base 13?
-401726
-387970 (base 10) to base 11
-245540
Convert 10100202112 (base 3) to base 13.
24167
What is 270582 (base 13) in base 2?
11100110010101101000
Convert 11100000111110111 (base 2) to base 8.
340767
de5d2 (base 15) to base 2
10101100100010001001
Convert -19a13a (base 13) to base 7.
-5346406
Convert -10430240 (base 5) to base 7.
-533612
What is -100011001000000010010 (base 2) in base 5?
-243312434
10011001101001101 (base 2) to base 10
78669
13044101 (base 7) to base 11
741220
Convert -323202314 (base 5) to base 11.
-864006
-197114 (base 10) to base 11
-125105
1a1c2 (base 15) to base 2
10100101100101110
What is -5047331 (base 8) in base 7?
-14212122
What is 51216310 (base 7) in base 13?
b6826a
What is 10000001110000101011011 (base 2) in base 9?
8000568
What is -606650 (base 10) in base 6?
-21000322
762010 (base 8) to base 5
31124414
Convert 38abd (base 14) to base 4.
202000333
1313300202 (base 4) to base 2
1110111110000100010
What is -1267ba3 (base 13) in base 6?
-323230004
What is 2201311 (base 5) in base 4?
21031022
Convert 103023003122 (base 4) to base 6.
255420322
-1100200102022 (base 3) to base 7
-6065000
What is 112122210000 (base 3) in base 14?
7720a
1422523 (base 6) to base 12
3aa43
What is -2a6cc (base 15) in base 8?
-412536
What is 13011335 (base 6) in base 2?
1100110111010101011
100100101110100110011001 (base 2) to base 15
ca2b57
-377b97 (base 12) to base 7
-10460530
What is -3321b6 (base 12) in base 11?
-505444
-83242 (base 9) to base 12
-2790b
Convert 22330302102 (base 4) to base 14.
54a0dc
What is 86ab3b (base 15) in base 12?
219449b
Convert -f8673 (base 16) to base 12.
-410983
1f899d (base 16) to base 13
5749b1
Convert 4dbca7 (base 14) to base 9.
5038821
What is 1011112121110 (base 3) in base 14?
122367
-435e8 (base 15) to base 11
-136837
Convert -588687 (base 9) to base 11.
-222077
304101014 (base 5) to base 3
2022212201022
Convert -123303634 (base 7) to base 12.
-274b5b7
What is -8332 (base 12) in base 9?
-21542
Convert -1460352 (base 8) to base 16.
-660ea
Convert -29913 (base 13) to base 5.
-10002212
What is -d808 (base 16) in base 14?
-16224
What is 82205 (base 14) in base 11?
1a435a
-405344 (base 6) to base 13
-11932
What is 117589 (base 11) in base 15?
3a05b
295736 (base 10) to base 16
48338
Convert 2130163 (base 7) to base 4.
333111022
Convert 10523504 (base 7) to base 5.
213214113
4a25a6 (base 11) to base 6
25003525
Convert -1031323110 (base 4) to base 7.
-2466402
2568987 (base 10) to base 4
21303030123
Convert -11001101010011101 (base 2) to base 10.
-105117
Convert -4424120002 (base 5) to base 11.
-5466240
1616378 (base 11) to base 2
1010100010000011101110
Convert 719140 (base 12) to base 4.
12302022000
Convert 2c8095 (base 15) to base 7.
24206051
What is 5826f (base 16) in base 9?
610260
1027320 (base 8) to base 3
111221000220
What is -43763064 (base 8) in base 5?
-4403234310
-459619 (base 10) to base 3
-212100110221
What is 379cc6 (base 13) in base 15?
1b5bb4
Convert 508817 (base 9) to base 11.
196780
22902 (base 10) to base 6
254010
Convert 103022003 (base 5) to base 2.
1101011001011011011
Convert 324343324 (base 5) to base 4.
11112201110
What is 22113321 (base 5) in base 3?
100201222102
Convert 10200100022 (base 3) to base 12.
35ab2
What is 107212 (base 10) in base 8?
321314
What is -201222202110 (base 3) in base 14?
-a357d
Convert 4778214 (base 11) to base 7.
130530643
What is 799a01 (base 13) in base 9?
5365243
Convert 1662602 (base 7) to base 10.
233879
What is 61bb05 (base 15) in base 13?
c68bc7
What is 270576a (base 11) in base 7?
54522436
-15b1 (base 12) to base 7
-10345
361664 (base 11) to base 7
4604631
8bac65 (base 15) to base 13
14c6315
1b6034 (base 14) to base 9
1748055
38538 (base 10) to base 11
26a55
-122122221121 (base 3) to base 14
-909d5
Convert 4021420 (base 9) to base 10.
2139957
Convert -74734 (base 9) to base 10.
-49441
232252110 (base 6) to base 4
100131123222
Convert -108641c (base 13) to base 2.
-10011010101100101111100
What is 13310401 (base 5) in base 11?
9255a
36bb68 (base 13) to base 6
44035033
Convert 8031a (base 13) to base 3.
102122011011
-106243024 (base 7) to base 6
-351345504
What is -20213141 (base 5) in base 15?
-336d1
Convert 21676210 (base 8) to base 15.
6281e1
What is 4605422 (base 8) in base 3?
2100101221220
110110101101111111 (base 2) to base 12
a9853
Convert -2187a (base 11) to base 8.
-75664
What is 76032453 (base 8) in base 13?
34a6c93
Convert -321ef3 (base 16) to base 3.
-20011212210102
-6745425 (base 8) to base 13
-4ba0b5
What is 1021022102 (base 4) in base 11?
195164
Convert 11000012 (base 3) to base 14.
10c9
1244765 (base 8) to base 11
217463
Convert -413120222 (base 6) to base 16.
-6d1516
12130024304 (base 5) to base 16
da2e50
-25b5 (base 13) to base 2
-1010100001011
What is 2113233302 (base 4) in base 9?
1146545
-11100000110101101 (base 2) to base 7
-656422
46dc5 (base 15) to base 3
102110211012
What is -621b (base 13) in base 4?
-3103220
What is 14323201 (base 5) in base 4?
211001330
What is 5365083 (base 9) in base 13?
799935
What is 160880 (base 9) in base 15?
1e590
What is -749624 (base 15) in base 6?
-314541524
Convert bb8630 (base 12) to base 11.
1755996
100011101000101011 (base 2) to base 14
3b29d
Convert 53623523 (base 7) to base 6.
242040325
-6758 (base 10) to base 9
-10238
Convert 2502217 (base 10) to base 14.
491c5b
What is 100110011011100101110 (base 2) in base 11?
790158
What is 23464c (base 14) in base 2?
100100101101110101100
a741974 (base 11) to base 3
1022120102110100
What is 3045232 (base 6) in base 14?
3b47a
-2462728 (base 11) to base 6
-231412503
-49505a (base 13) to base 11
-a982a2
15011e (base 15) to base 8
3672022
What is -11a557 (base 11) in base 14?
-4d19b
Convert -2298d (base 14) to base 3.
-11021111212
Convert 16487526 (base 9) to base 12.
2927573
-69193 (base 11) to base 16
-186d0
What is 13305431 (base 6) in base 2?
1101100100000111011
Convert 1244234444 (base 5) to base 7.
35334512
13115404 (base 7) to base 10
1197613
What is 6a5709 (base 15) in base 6?
300522